{"id":790,"date":"2022-07-19T09:54:27","date_gmt":"2022-07-19T06:54:27","guid":{"rendered":"https:\/\/t\u00f5nism\u00e4estuudio.ee\/?page_id=790"},"modified":"2023-12-08T14:05:52","modified_gmt":"2023-12-08T12:05:52","slug":"fusioteraapia","status":"publish","type":"page","link":"https:\/\/t\u00f5nism\u00e4estuudio.ee\/?page_id=790","title":{"rendered":"F\u00fcsioteraapia"},"content":{"rendered":"\n<figure class=\"wp-block-image alignwide size-large\"><img loading=\"lazy\" decoding=\"async\" width=\"1024\" height=\"683\" src=\"https:\/\/xn--tnismestuudio-ffb4w.ee\/wp-content\/uploads\/2023\/11\/fusioteraapia_kaia_kathy-1024x683.jpg\" alt=\"f\u00fcsioteraapia\" class=\"wp-image-897\" srcset=\"https:\/\/xn--tnismestuudio-ffb4w.ee\/wp-content\/uploads\/2023\/11\/fusioteraapia_kaia_kathy-1024x683.jpg 1024w, https:\/\/xn--tnismestuudio-ffb4w.ee\/wp-content\/uploads\/2023\/11\/fusioteraapia_kaia_kathy-300x200.jpg 300w, https:\/\/xn--tnismestuudio-ffb4w.ee\/wp-content\/uploads\/2023\/11\/fusioteraapia_kaia_kathy-768x512.jpg 768w, https:\/\/xn--tnismestuudio-ffb4w.ee\/wp-content\/uploads\/2023\/11\/fusioteraapia_kaia_kathy-1536x1024.jpg 1536w, https:\/\/xn--tnismestuudio-ffb4w.ee\/wp-content\/uploads\/2023\/11\/fusioteraapia_kaia_kathy-2048x1365.jpg 2048w\" sizes=\"auto, (max-width: 1024px) 100vw, 1024px\" \/><\/figure>\n\n\n\n<p><strong>F\u00fcsioteraapia <\/strong>on kehalistel harjutustel, asendravil, massaa\u017eil ja f\u00fc\u00fcsikalistel meetoditel baseeruv taastusravi osa, mille eesm\u00e4rk on v\u00f5imalikult h\u00e4sti taastada tugiliikumisaparaadi ja siseorganite t\u00f6\u00f6. F\u00fcsioteraapia aitab taastada h\u00e4irunud liikumis-ja tegevusv\u00f5imet nt p\u00e4rast vigastust v\u00f5i haigust.<\/p>\n\n\n\n<p>Katrin Kasepalu<br><a href=\"mailto:katrin.kasepalu@gmail.com\">katrin.kasepalu@gmail.com<\/a><br><a href=\"http:\/\/www.kinesteesia.ee\/\" data-type=\"link\" data-id=\"http:\/\/www.kinesteesia.ee\/\">www.kinesteesia.ee<\/a><\/p>\n\n\n\n<p>Pille Vooglaid<br><a href=\"mailto:pillevooglaid@gmail.com\">pillevooglaid@gmail.com<\/a><\/p>\n","protected":false},"excerpt":{"rendered":"<p>F\u00fcsioteraapia on kehalistel harjutustel, asendravil, massaa\u017eil ja f\u00fc\u00fcsikalistel meetoditel baseeruv taastusravi osa, mille eesm\u00e4rk on v\u00f5imalikult h\u00e4sti taastada tugiliikumisaparaadi ja siseorganite t\u00f6\u00f6. F\u00fcsioteraapia aitab taastada h\u00e4irunud liikumis-ja tegevusv\u00f5imet nt p\u00e4rast vigastust v\u00f5i haigust. Katrin Kasepalukatrin.kasepalu@gmail.comwww.kinesteesia.ee Pille Vooglaidpillevooglaid@gmail.com<\/p>\n","protected":false},"author":2,"featured_media":0,"parent":0,"menu_order":0,"comment_status":"closed","ping_status":"closed","template":"","meta":{"_uag_custom_page_level_css":"","site-sidebar-layout":"default","site-content-layout":"","ast-site-content-layout":"default","site-content-style":"default","site-sidebar-style":"default","ast-global-header-display":"","ast-banner-title-visibility":"","ast-main-header-display":"","ast-hfb-above-header-display":"","ast-hfb-below-header-display":"","ast-hfb-mobile-header-display":"","site-post-title":"","ast-breadcrumbs-content":"","ast-featured-img":"","footer-sml-layout":"","ast-disable-related-posts":"","theme-transparent-header-meta":"","adv-header-id-meta":"","stick-header-meta":"","header-above-stick-meta":"","header-main-stick-meta":"","header-below-stick-meta":"","astra-migrate-meta-layouts":"set","ast-page-background-enabled":"default","ast-page-background-meta":{"desktop":{"background-color":"var(--ast-global-color-4)","background-image":"","background-repeat":"repeat","background-position":"center center","background-size":"auto","background-attachment":"scroll","background-type":"","background-media":"","overlay-type":"","overlay-color":"","overlay-opacity":"","overlay-gradient":""},"tablet":{"background-color":"","background-image":"","background-repeat":"repeat","background-position":"center center","background-size":"auto","background-attachment":"scroll","background-type":"","background-media":"","overlay-type":"","overlay-color":"","overlay-opacity":"","overlay-gradient":""},"mobile":{"background-color":"","background-image":"","background-repeat":"repeat","background-position":"center center","background-size":"auto","background-attachment":"scroll","background-type":"","background-media":"","overlay-type":"","overlay-color":"","overlay-opacity":"","overlay-gradient":""}},"ast-content-background-meta":{"desktop":{"background-color":"var(--ast-global-color-5)","background-image":"","background-repeat":"repeat","background-position":"center center","background-size":"auto","background-attachment":"scroll","background-type":"","background-media":"","overlay-type":"","overlay-color":"","overlay-opacity":"","overlay-gradient":""},"tablet":{"background-color":"var(--ast-global-color-5)","background-image":"","background-repeat":"repeat","background-position":"center center","background-size":"auto","background-attachment":"scroll","background-type":"","background-media":"","overlay-type":"","overlay-color":"","overlay-opacity":"","overlay-gradient":""},"mobile":{"background-color":"var(--ast-global-color-5)","background-image":"","background-repeat":"repeat","background-position":"center center","background-size":"auto","background-attachment":"scroll","background-type":"","background-media":"","overlay-type":"","overlay-color":"","overlay-opacity":"","overlay-gradient":""}},"footnotes":""},"class_list":["post-790","page","type-page","status-publish","hentry"],"uagb_featured_image_src":{"full":false,"thumbnail":false,"medium":false,"medium_large":false,"large":false,"1536x1536":false,"2048x2048":false},"uagb_author_info":{"display_name":"Madis Raidaru","author_link":"https:\/\/t\u00f5nism\u00e4estuudio.ee\/?author=2"},"uagb_comment_info":0,"uagb_excerpt":"F\u00fcsioteraapia on kehalistel harjutustel, asendravil, massaa\u017eil ja f\u00fc\u00fcsikalistel meetoditel baseeruv taastusravi osa, mille eesm\u00e4rk on v\u00f5imalikult h\u00e4sti taastada tugiliikumisaparaadi ja siseorganite t\u00f6\u00f6. F\u00fcsioteraapia aitab taastada h\u00e4irunud liikumis-ja tegevusv\u00f5imet nt p\u00e4rast vigastust v\u00f5i haigust. Katrin Kasepalukatrin.kasepalu@gmail.comwww.kinesteesia.ee Pille Vooglaidpillevooglaid@gmail.com","_links":{"self":[{"href":"https:\/\/t\u00f5nism\u00e4estuudio.ee\/index.php?rest_route=\/wp\/v2\/pages\/790","targetHints":{"allow":["GET"]}}],"collection":[{"href":"https:\/\/t\u00f5nism\u00e4estuudio.ee\/index.php?rest_route=\/wp\/v2\/pages"}],"about":[{"href":"https:\/\/t\u00f5nism\u00e4estuudio.ee\/index.php?rest_route=\/wp\/v2\/types\/page"}],"author":[{"embeddable":true,"href":"https:\/\/t\u00f5nism\u00e4estuudio.ee\/index.php?rest_route=\/wp\/v2\/users\/2"}],"replies":[{"embeddable":true,"href":"https:\/\/t\u00f5nism\u00e4estuudio.ee\/index.php?rest_route=%2Fwp%2Fv2%2Fcomments&post=790"}],"version-history":[{"count":5,"href":"https:\/\/t\u00f5nism\u00e4estuudio.ee\/index.php?rest_route=\/wp\/v2\/pages\/790\/revisions"}],"predecessor-version":[{"id":994,"href":"https:\/\/t\u00f5nism\u00e4estuudio.ee\/index.php?rest_route=\/wp\/v2\/pages\/790\/revisions\/994"}],"wp:attachment":[{"href":"https:\/\/t\u00f5nism\u00e4estuudio.ee\/index.php?rest_route=%2Fwp%2Fv2%2Fmedia&parent=790"}],"curies":[{"name":"wp","href":"https:\/\/api.w.org\/{rel}","templated":true}]}}